 composite number?
True
Is 151379 composite?
False
Is 7477 prime?
True
Is 21893 composite?
False
Is 2437 composite?
False
Is 951199 a composite number?
True
Is 25613 prime?
False
Is 6163 prime?
True
Is 20701 a prime number?
False
Is 167801 prime?
True
Is 14349 a prime number?
False
Is 2279 a prime number?
False
Is 42647 composite?
True
Is 967607 a prime number?
True
Is 52133 a prime number?
False
Is 583103 a prime number?
False
Is 1829 a composite number?
True
Is 131723 composite?
True
Is 4597 composite?
False
Is 143159 a prime number?
True
Is 1383 a prime number?
False
Is 303593 a prime number?
True
Is 124109 a prime number?
False
Is 14939 prime?
True
Is 247006 a prime number?
False
Is 511463 a prime number?
True
Is 6349 a prime number?
False
Is 17519 a prime number?
True
Is 209089 a composite number?
False
Is 342831 composite?
True
Is 120149 composite?
True
Is 1517621 a prime number?
False
Is 162923 prime?
False
Is 491 a composite number?
False
Is 22007 a composite number?
True
Is 46993 a composite number?
False
Is 1499971 composite?
True
Is 51217 a prime number?
True
Is 4583 composite?
False
Is 71471 composite?
False
Is 41351 composite?
False
Is 364979 a prime number?
True
Is 78119 a composite number?
True
Is 353963 a composite number?
False
Is 1266889 prime?
False
Is 510031 composite?
False
Is 12158 a composite number?
True
Is 12480181 a composite number?
True
Is 2519 composite?
True
Is 647779 prime?
False
Is 2179 prime?
True
Is 31 a prime number?
True
Is 19883 a prime number?
False
Is 7853 composite?
False
Is 13217 composite?
False
Is 83339 prime?
True
Is 106207 a prime number?
True
Is 17341 composite?
False
Is 152671 a composite number?
False
Is 74597 composite?
False
Is 2479 composite?
True
Is 1819261 composite?
False
Is 51043 composite?
False
Is 24659 composite?
False
Is 389783 a composite number?
False
Is 3989 a composite number?
False
Is 27457 prime?
True
Is 371651 prime?
False
Is 240811 composite?
False
Is 6629 a prime number?
False
Is 172373 prime?
True
Is 38539 composite?
True
Is 6761 prime?
True
Is 3967 composite?
False
Is 11387 a composite number?
True
Is 1409 prime?
True
Is 3893 composite?
True
Is 48179 prime?
True
Is 7273 a prime number?
False
Is 11587 a composite number?
False
Is 73543 composite?
True
Is 298021 prime?
True
Is 24233 a prime number?
False
Is 300169 prime?
False
Is 67435 a prime number?
False
Is 12013 a prime number?
False
Is 120643 prime?
False
Is 42089 a composite number?
False
Is 541 a composite number?
False
Is 1826893 a prime number?
True
Is 8951 prime?
True
Is 144611 composite?
False
Is 6289 composite?
True
Is 19181 a prime number?
True
Is 679169 a prime number?
True
Is 12499 a prime number?
False
Is 227182 a composite number?
True
Is 32557 a composite number?
True
Is 321865 prime?
False
Is 3593 prime?
True
Is 135881 a composite number?
True
Is 236137 a composite number?
True
Is 10299 a prime number?
False
Is 6947 a composite number?
False
Is 35633 a prime number?
False
Is 6469 prime?
True
Is 6007 a composite number?
False
Is 7193 a composite number?
False
Is 437735 prime?
False
Is 66013 composite?
True
Is 40294 prime?
False
Is 96583 composite?
True
Is 95345 prime?
False
Is 19 a composite number?
False
Is 311743 prime?
True
Is 1653671 prime?
True
Is 6619 a composite number?
False
Is 5923 composite?
False
Is 333229 a composite number?
True
Is 401371 prime?
True
Is 49307 prime?
True
Is 43481 a composite number?
False
Is 5173 prime?
False
Is 53693 prime?
True
Is 14347 prime?
True
Is 5497 a composite number?
True
Is 9527 a prime number?
False
Is 35038 composite?
True
Is 1272043 a prime number?
True
Is 4555 a prime number?
False
Is 9667 a prime number?
False
Is 463727 a composite number?
True
Is 321889 a prime number?
True
Is 20401 a composite number?
True
Is 8923 a prime number?
True
Is 19042 a composite number?
True
Is 1347065 composite?
True
Is 143971 composite?
False
Is 1230679 a prime number?
False
Is 15121 a prime number?
True
Is 103078 a composite number?
True
Is 47018 prime?
False
Is 839 a prime number?
True
Is 3308749 prime?
True
Is 26671 prime?
False
Is 7019 a composite number?
False
Is 5107 a prime number?
True
Is 26339 composite?
False
Is 824851 a prime number?
False
Is 127 composite?
False
Is 30223 prime?
True
Is 134471 composite?
False
Is 25565 a composite number?
True
Is 19174 composite?
True
Is 31286 composite?
True
Is 407567 a prime number?
True
Is 3243271 a composite number?
False
Is 243655 prime?
False
Is 1901 a prime number?
True
Is 301367 a composite number?
True
Is 9411 a prime number?
False
Is 388891 prime?
True
Is 263 a prime number?
True
Is 4997 a prime number?
False
Is 45407 prime?
False
Is 13309 prime?
True
Is 6637 composite?
False
Is 5794 a composite number?
True
Is 217619 prime?
True
Is 46861 a prime number?
True
Is 789 a prime number?
False
Is 675221 a prime number?
True
Is 6469 a prime number?
True
Is 1432901 a composite number?
True
Is 13859 a prime number?
True
Is 427235 a prime number?
False
Is 568877 composite?
False
Is 713 a prime number?
False
Is 100679 prime?
False
Is 20431 a prime number?
True
Is 443931 prime?
False
Is 112598 composite?
True
Is 9327 composite?
True
Is 800767 prime?
False
Is 1094879 prime?
False
Is 269 prime?
True
Is 67573 a prime number?
False
Is 241589 composite?
False
Is 155417 a composite number?
True
Is 437 a prime number?
False
Is 2333 a composite number?
False
Is 17569 a composite number?
False
Is 68339 prime?
False
Is 124669 a prime number?
True
Is 429821 prime?
False
Is 755087 a prime number?
True
Is 26339 a composite number?
False
Is 2463029 a prime number?
True
Is 309073 a prime number?
False
Is 11015 a composite number?
True
Is 55617 a prime number?
False
Is 184921 a composite number?
True
Is 48017 composite?
False
Is 3110069 prime?
True
Is 18754 a composite number?
True
Is 9977 a composite number?
True
Is 491851 composite?
False
Is 836545 prime?
False
Is 5261 prime?
True
Is 364657 prime?
True
Is 1217491 prime?
False
Is 582533 a composite number?
True
Is 11629 a composite number?
True
Is 1945799 composite?
False
Is 11945 a prime number?
False
Is 718919 composite?
False
Is 350347 prime?
True
Is 102149 a composite number?
False
Is 532241 prime?
True
Is 75347 a prime number?
True
Is 10973 a prime number?
True
Is 33 prime?
False
Is 313961 a prime number?
True
Is 68707 prime?
False
Is 6619 prime?
True
Is 12953 a composite number?
False
Is 154801 composite?
True
Is 836849 a composite number?
True
Is 5238089 a composite number?
True
Is 74117 a prime number?
False
Is 45631 composite?
False
Is 5403 prime?
False
Is 184154 a composite number?
True
Is 55987 a prime number?
True
Is 478613 a composite number?
True
Is 141041 composite?
False
Is 520279 a prime number?
True
Is 103541 composite?
True
Is 172693 a prime number?
False
Is 229529 composite?
False
Is 28493 a prime number?
True
Is 34285 composite?
True
Is 86743 a prime number?
True
Is 4835 a composite number?
True
Is 35753 a prime number?
True
Is 264207 a composite number?
True
Is 1714723 a composite number?
False
Is 78101 composite?
False
Is 62171 a prime number?
True
Is 2818 a composite number?
True
Is 357389 a composite number?
False
Is 17473 a composite number?
True
Is 43327 prime?
False
Is 475207 a prime number?
True
Is 33287 a composite number?
False
Is 6469 a prime number?
True
Is 3943 prime?
True
Is 27941 composite?
False
Is 72613 a composite number?
False
Is 80167 a prime number?
True
Is 4645 composite?
True
Is 18301 a composite number?
False
Is 496187 prime?
True
Is 8059 composite?
False
Is 1130711 prime?
True
Is 928555 prime?
False
Is 743 a composite number?
False
Is 24439 composite?
False
Is 75763 prime?
False
Is 96647 a prime number?
False
Is 31721 a composite number?
False
Is 124087 composite?
False
Is 1748319 a prime number?
False
Is 296099 prime?
True
Is 527433 prime?
False
Is 43729 composite?
True
Is 836861 prime?
True
Is 4613 a composite number?
True
Is 2610449 prime?
True
Is 1042723 prime?
False
Is 14029 a composite number?
False
Is 21071 prime?
False
Is 85991 a composite number?
False
Is 189857 a prime number?
False
Is 171499 composite?
True
Is 536179 composite?
True
Is 18841 composite?
True
Is 252131 composite?
True
Is 151531 prime?
True
Is 76547 a composite number?
True
Is 126